{"id":1652,"date":"2020-05-02T06:43:59","date_gmt":"2020-05-02T06:43:59","guid":{"rendered":"http:\/\/oko.pres-24.pl\/?page_id=1652"},"modified":"2025-04-18T09:45:12","modified_gmt":"2025-04-18T08:45:12","slug":"leksykon-politykow-iii-rp","status":"publish","type":"page","link":"https:\/\/oko.pres-24.pl\/?page_id=1652","title":{"rendered":"Leksykon polityk\u00f3w III RP"},"content":{"rendered":"<p><strong>Boni Micha\u0142<\/strong><\/p>\n<p>Cz\u0142owiek niezwykle skromny. Piastuj\u0105c r\u00f3\u017cne stanowiska, a zw\u0142aszcza ministra administracji i cyfryzacji kwieci\u015bcie i barwnie opowiada\u0142 o planach, projektach i reformach kt\u00f3re zamierza wprowadzi\u0107. Nigdy nie s\u0142yszeli\u015bmy by powiedzia\u0142, \u017ce co\u015b wprowadzi\u0142.<\/p>\n<p>Poza tym to cz\u0142owiek kt\u00f3remu zdecydowanie mo\u017cna zaufa\u0107 i z tego wzgl\u0119du jest polecany jako wsp\u00f3\u0142pracownik. Nie b\u0119dzie si\u0119 chwali\u0142 wsp\u00f3\u0142prac\u0105. Ba! B\u0119dzie zaprzecza\u0142 jeszcze wiele lat po tym, gdy projekt przy kt\u00f3rym wsp\u00f3\u0142pracowa\u0142 upad\u0142.<\/p>\n<hr \/>\n<p><strong>Borowski Marek<\/strong><\/p>\n<p>Jeden z architekt\u00f3w sukcesu Prawa i Sprawiedliwo\u015bci, jako tw\u00f3rca (czym si\u0119 do\u015b\u0107 cz\u0119sto chwali) najwi\u0119kszego bubla prawnego ostatniego trzydziestolecia, tj. Konstytucji z 1997 r.<\/p>\n<p>Tworz\u0105c niejasne b\u0105d\u017a wykluczaj\u0105ce si\u0119 przepisy umo\u017cliwi\u0142 ich kreatywn\u0105 interpretacj\u0119, co PiS skwapliwie wykorzystuje.<\/p>\n<p>Niezwykle warto\u015bciowy komentator obecnej rzeczywisto\u015bci, s\u0142usznie wykorzystywany przez co &#8222;inteligentniejszych&#8221; dziennikarzy jako expert od \u0142amania zasad demokracji. Ma to g\u0142\u0119bokie uzasadnienie, wszak wywodz\u0105c si\u0119 wprost ze struktur PZPR ma w tym wzgl\u0119dzie niepodwa\u017caln\u0105 wiedz\u0119.<\/p>\n<p>Jako solista, ze wzgl\u0119du na elokwencj\u0119, niezwykle u\u017cyteczny dla swojej &#8222;opcji&#8221; m\u00f3wca. \u0141adnie i sk\u0142adnie atakuje kogo trzeba zaatakowa\u0107.<\/p>\n<p>Czar niestety znika podczas wyst\u0119p\u00f3w w towarzystwie osoby o innych pogl\u0105dach, zw\u0142aszcza je\u015bli taka osoba nie zajmuje tak &#8222;donios\u0142ej&#8221; pozycji w polskim \u017cyciu politycznym. Bardzo si\u0119 paskudnie wzgl\u0119dem takich os\u00f3b zachowuje.<\/p>\n<p>Brak empatii wynika zapewne z faktu, i\u017c nie jest cz\u0142owiekiem rodzinnym, co wiemy dzi\u0119ki Pani o sympatycznie warzywnym nazwisku.<\/p>\n<hr \/>\n<p><strong>Miller Leszek<\/strong><\/p>\n<p>Jedyne co \u00f3w polityk mia\u0142 wsp\u00f3lnego z lewic\u0105, opr\u00f3cz nazw wsp\u00f3\u0142tworzonych przez siebie partii, to fakt, i\u017c jad\u0105c samochodem musia\u0142 czasem skr\u0119ca\u0107 w lewo.<\/p>\n<p>Nie zdziwi\u0142oby nas wcale, gdyby w celu unikni\u0119cia takiego manewru, specjalnie szuka\u0142 rond.<\/p>\n<p>Zdaje si\u0119, \u017ce jedynym pierwszoligowym politykiem w historii III RP, kt\u00f3ry by\u0142 wi\u0119kszym zwolennikiem gospodarki ultraliberalnej ni\u017c Pan Miller, jest r\u00f3wnie\u017c Leszek, cho\u0107 tym razem Balcerowicz.<\/p>\n<p>Premier Miller oczywi\u015bcie nie r\u00f3\u017cni\u0142 si\u0119 w tym wzgl\u0119dzie od innych cz\u0142onk\u00f3w PZPR z jej schy\u0142kowego kilkunastolecia.<\/p>\n<p>Na gruncie symboliki jest jednak zabawne w ten smutny spos\u00f3b, \u017ce za kszta\u0142t wolnej Polski odpowiadaj\u0105 ludzie, kt\u00f3rzy przynajmniej na poziomie deklaratywnym byli komunistami.<\/p>\n<p>Oczywi\u015bcie nie byli nimi. Chcieli po prostu zrobi\u0107 karier\u0119, maj\u0105c &#8222;wywalone&#8221; czy b\u0119d\u0105 j\u0105 robili w suwerennej Polsce czy nie. Pozosta\u0142o im to to dzisiaj, podobnie jak niezliczonym ich duchowym spadkobiercom.<\/p>\n<p>To zreszt\u0105 jedna z najbardziej udanych komedii naszej wsp\u00f3\u0142czesno\u015bci, \u017ce w deklaruj\u0105cych si\u0119 jako demokratyczne itp. mediach, expertami od wolno\u015bci wszelakich, s\u0105 bardzo cz\u0119sto ludzie wywodz\u0105cy si\u0119 z PZPR.<\/p>\n<p>Bo\u017ce, jakie to \u015bwietne (pozdrawiamy Pani\u0105 Lewick\u0105 i inne TVN-y itd.).<\/p>\n<p>Tak w og\u00f3le lubimy Pana Millera. Politycznie to pora\u017cka, w\u0142a\u015bnie z punktu widzenia tego, \u017ce lewica powinna dba\u0107 o ludzi, a jak wspomnieli\u015bmy, Pan Miller i lewica nijak si\u0119 maj\u0105 do siebie. By\u0142 jednak tam gdzie by\u0142 i mia\u0142 prawo podejmowa\u0107 takie decyzje, jakie podejmowa\u0142, cho\u0107 nies\u0142awne &#8222;Wiesiu, dlaczego nie chcesz Jasiowi sprzeda\u0107&#8230;&#8221; to jednak by\u0142a przesada.<\/p>\n<p>Pazurkami si\u0119 zapar\u0142 i wprowadzi\u0142 Polsk\u0119 do UE. Jest k\u0105cik w historii.<\/p>\n<p>My lubimy go za inteligencj\u0119, kt\u00f3rej nie spos\u00f3b mu odm\u00f3wi\u0107.<\/p>\n<p>Bon moty Pana Leszka pozostan\u0105 z nami po kres naszych dni.<\/p>\n<hr \/>\n<p><strong>Nitras S\u0142awomir<\/strong><\/p>\n<p>Ma\u0142y chamek i naprawd\u0119 szkoda wi\u0119cej liter na tego dupka. Mo\u017ce jedynie sprecyzujmy, poprzez kontrast, dlaczego &#8222;ma\u0142y chamek&#8221;. Ot\u00f3\u017c du\u017cy cham to&#8230;tadadam&#8230;<\/p>\n<p><strong>Sikorski Radek<\/strong><\/p>\n<p>&#8222;Du\u017cy&#8221;, albowiem je\u015bli chodzi o posiadanie jaj (o&#8230; pojutrze Wielkanoc) to ma je w KO w drugim rozmiarze, zaraz po Panu Tusku. W dodatku, w odr\u00f3\u017cnieniu od cz\u0142onk\u00f3w i sympatyk\u00f3w obecnej w\u0142adzy, posiada te\u017c m\u00f3zg, kt\u00f3rego zdarza mu si\u0119 u\u017cywa\u0107, tworz\u0105c, odmiennie ni\u017c wspomniani powy\u017cej, wypowiedzi, po kt\u00f3rych nie musimy si\u0119 zastanawia\u0107, czy to na pewno homo sapiens sapiens. Oczywi\u015bcie najcz\u0119\u015bciej chamskie wypowiedzi.<\/p>\n<p>W &#8222;wielko\u015b\u0107&#8221; postaci wk\u0142ad oczywi\u015bcie wnosi\u00a0 \u017cona, o s\u0142usznych koneksjach itp.cho\u0107, typowych po tej stronie barykady, do\u015b\u0107 ciasnych horyzontach.<\/p>\n","protected":false},"excerpt":{"rendered":"<p>Boni Micha\u0142 Cz\u0142owiek niezwykle skromny. Piastuj\u0105c r\u00f3\u017cne stanowiska, a zw\u0142aszcza <a class=\"more-link\" href=\"https:\/\/oko.pres-24.pl\/?page_id=1652\">Czytaj dalej \u2192<\/a><\/p>\n","protected":false},"author":1,"featured_media":0,"parent":0,"menu_order":0,"comment_status":"closed","ping_status":"closed","template":"","meta":{"footnotes":""},"class_list":["post-1652","page","type-page","status-publish","hentry"],"aioseo_notices":[],"_links":{"self":[{"href":"https:\/\/oko.pres-24.pl\/index.php?rest_route=\/wp\/v2\/pages\/1652","targetHints":{"allow":["GET"]}}],"collection":[{"href":"https:\/\/oko.pres-24.pl\/index.php?rest_route=\/wp\/v2\/pages"}],"about":[{"href":"https:\/\/oko.pres-24.pl\/index.php?rest_route=\/wp\/v2\/types\/page"}],"author":[{"embeddable":true,"href":"https:\/\/oko.pres-24.pl\/index.php?rest_route=\/wp\/v2\/users\/1"}],"replies":[{"embeddable":true,"href":"https:\/\/oko.pres-24.pl\/index.php?rest_route=%2Fwp%2Fv2%2Fcomments&post=1652"}],"version-history":[{"count":6,"href":"https:\/\/oko.pres-24.pl\/index.php?rest_route=\/wp\/v2\/pages\/1652\/revisions"}],"predecessor-version":[{"id":3344,"href":"https:\/\/oko.pres-24.pl\/index.php?rest_route=\/wp\/v2\/pages\/1652\/revisions\/3344"}],"wp:attachment":[{"href":"https:\/\/oko.pres-24.pl\/index.php?rest_route=%2Fwp%2Fv2%2Fmedia&parent=1652"}],"curies":[{"name":"wp","href":"https:\/\/api.w.org\/{rel}","templated":true}]}}